{"id":13,"date":"2024-04-10T14:09:33","date_gmt":"2024-04-10T19:09:33","guid":{"rendered":"https:\/\/alejandraditta.com\/?page_id=13"},"modified":"2024-09-19T21:17:24","modified_gmt":"2024-09-20T02:17:24","slug":"sobre-mi","status":"publish","type":"page","link":"https:\/\/alejandraditta.com\/index.php\/sobre-mi\/","title":{"rendered":"Sobre mi"},"content":{"rendered":"\t\t<div data-elementor-type=\"wp-page\" data-elementor-id=\"13\" class=\"elementor elementor-13\">\n\t\t\t\t<div class=\"elementor-element elementor-element-2bfbeb6 e-con-full e-flex e-con e-parent\" data-id=\"2bfbeb6\" data-element_type=\"container\">\n\t\t<div class=\"elementor-element elementor-element-8edbad6 e-con-full e-flex e-con e-child\" data-id=\"8edbad6\" data-element_type=\"container\">\n\t\t\t\t<div class=\"elementor-element elementor-element-614d009 elementor-widget elementor-widget-heading\" data-id=\"614d009\" data-element_type=\"widget\" data-widget_type=\"heading.default\">\n\t\t\t\t<div class=\"elementor-widget-container\">\n\t\t\t<h1 class=\"elementor-heading-title elementor-size-default\">\u00a1\u00a1\u00a1Hola de nuevo!!! \n<\/h1>\t\t<\/div>\n\t\t\t\t<\/div>\n\t\t\t\t<div class=\"elementor-element elementor-element-9bbf44e elementor-widget elementor-widget-text-editor\" data-id=\"9bbf44e\" data-element_type=\"widget\" data-widget_type=\"text-editor.default\">\n\t\t\t\t<div class=\"elementor-widget-container\">\n\t\t\t\t\t\t\tSi llegaste hasta aqu\u00ed es porque quieres conocerme un poco m\u00e1s.\n<br>\nPues bien\u2026 Luego de transitar por muchos caminos, regres\u00e9 al principio: \u201c\u00c9rase una vez una ni\u00f1a que amaba las historias\u2026\u201d\n<br>\nY desde hace tres a\u00f1os, respiro para contarlas.\t\t\t\t\t\t<\/div>\n\t\t\t\t<\/div>\n\t\t\t\t<\/div>\n\t\t<div class=\"elementor-element elementor-element-112ed33 e-con-full e-flex e-con e-child\" data-id=\"112ed33\" data-element_type=\"container\" data-settings=\"{&quot;background_background&quot;:&quot;classic&quot;}\">\n\t\t\t\t<\/div>\n\t\t\t\t<\/div>\n\t\t<div class=\"elementor-element elementor-element-4a5dcb7 e-flex e-con-boxed e-con e-parent\" data-id=\"4a5dcb7\" data-element_type=\"container\" data-settings=\"{&quot;background_background&quot;:&quot;classic&quot;}\">\n\t\t\t\t\t<div class=\"e-con-inner\">\n\t\t<div class=\"elementor-element elementor-element-ca8e649 e-con-full e-flex e-con e-child\" data-id=\"ca8e649\" data-element_type=\"container\">\n\t\t\t\t<div class=\"elementor-element elementor-element-7cddc83 elementor-widget elementor-widget-heading\" data-id=\"7cddc83\" data-element_type=\"widget\" data-widget_type=\"heading.default\">\n\t\t\t\t<div class=\"elementor-widget-container\">\n\t\t\t<h2 class=\"elementor-heading-title elementor-size-default\">Estudios<\/h2>\t\t<\/div>\n\t\t\t\t<\/div>\n\t\t\t\t<\/div>\n\t\t<div class=\"elementor-element elementor-element-698725d e-con-full e-flex e-con e-child\" data-id=\"698725d\" data-element_type=\"container\">\n\t\t\t\t<div class=\"elementor-element elementor-element-40a4d9c elementor-widget elementor-widget-text-editor\" data-id=\"40a4d9c\" data-element_type=\"widget\" data-widget_type=\"text-editor.default\">\n\t\t\t\t<div class=\"elementor-widget-container\">\n\t\t\t\t\t\t\t<p><span style=\"font-weight: 400;\">2021. | Copywriter. Programa Soy Copywriter. Javi Pastor.\u00a0<\/span><\/p><p><span style=\"font-weight: 400;\">2018.<\/span><span style=\"font-family: Roboto, sans-serif; font-size: 14px; font-style: normal; font-variant-ligatures: normal; font-variant-caps: normal; font-weight: 400;\">\u00a0|\u00a0<\/span><span style=\"font-weight: 400;\">M\u00e1ster en Creaci\u00f3n de Guiones Audiovisuales. Unir, Espa\u00f1a.<\/span><\/p><p><span style=\"font-weight: 400;\">2013.<\/span><span style=\"font-family: Roboto, sans-serif; font-size: 14px; font-style: normal; font-variant-ligatures: normal; font-variant-caps: normal; font-weight: 400;\">\u00a0|\u00a0<\/span><span style=\"font-weight: 400;\">Polit\u00f3loga. Universidad del Norte. Barranquilla, Colombia.\u00a0<\/span><\/p>\t\t\t\t\t\t<\/div>\n\t\t\t\t<\/div>\n\t\t\t\t<\/div>\n\t\t\t\t\t<\/div>\n\t\t\t\t<\/div>\n\t\t<div class=\"elementor-element elementor-element-eb3c1db e-flex e-con-boxed e-con e-parent\" data-id=\"eb3c1db\" data-element_type=\"container\" data-settings=\"{&quot;background_background&quot;:&quot;classic&quot;}\">\n\t\t\t\t\t<div class=\"e-con-inner\">\n\t\t<div class=\"elementor-element elementor-element-e99c018 e-con-full e-flex e-con e-child\" data-id=\"e99c018\" data-element_type=\"container\">\n\t\t\t\t<div class=\"elementor-element elementor-element-d6e815a elementor-widget elementor-widget-heading\" data-id=\"d6e815a\" data-element_type=\"widget\" data-widget_type=\"heading.default\">\n\t\t\t\t<div class=\"elementor-widget-container\">\n\t\t\t<h2 class=\"elementor-heading-title elementor-size-default\">Historias publicadas <\/h2>\t\t<\/div>\n\t\t\t\t<\/div>\n\t\t\t\t<\/div>\n\t\t<div class=\"elementor-element elementor-element-772e7a9 e-con-full e-flex e-con e-child\" data-id=\"772e7a9\" data-element_type=\"container\">\n\t\t\t\t<div class=\"elementor-element elementor-element-d43c78e elementor-widget elementor-widget-text-editor\" data-id=\"d43c78e\" data-element_type=\"widget\" data-widget_type=\"text-editor.default\">\n\t\t\t\t<div class=\"elementor-widget-container\">\n\t\t\t\t\t\t\t<p><span style=\"font-weight: 400;\">2021.<\/span><span style=\"font-family: Roboto, sans-serif; font-size: 14px; font-style: normal; font-variant-ligatures: normal; font-variant-caps: normal; font-weight: 400; color: var( --e-global-color-text ); text-align: var(--text-align);\">\u00a0|<\/span><span style=\"font-size: 14px; font-weight: 400; color: var( --e-global-color-text ); text-align: var(--text-align);\">\u00a0Armon\u00eda sin etiquetas. En: Libro Caribe III. Centro de Documentaci\u00f3n Teatral de Cartagena de Indias: Cartagena, Colombia.\u00a0<\/span><\/p>\t\t\t\t\t\t<\/div>\n\t\t\t\t<\/div>\n\t\t\t\t<\/div>\n\t\t\t\t\t<\/div>\n\t\t\t\t<\/div>\n\t\t<div class=\"elementor-element elementor-element-4d1b1b5 e-flex e-con-boxed e-con e-parent\" data-id=\"4d1b1b5\" data-element_type=\"container\" data-settings=\"{&quot;background_background&quot;:&quot;classic&quot;}\">\n\t\t\t\t\t<div class=\"e-con-inner\">\n\t\t<div class=\"elementor-element elementor-element-84d0ec1 e-con-full e-flex e-con e-child\" data-id=\"84d0ec1\" data-element_type=\"container\">\n\t\t\t\t<div class=\"elementor-element elementor-element-b9299ce elementor-widget elementor-widget-heading\" data-id=\"b9299ce\" data-element_type=\"widget\" data-widget_type=\"heading.default\">\n\t\t\t\t<div class=\"elementor-widget-container\">\n\t\t\t<h2 class=\"elementor-heading-title elementor-size-default\">Otras Publicaciones <\/h2>\t\t<\/div>\n\t\t\t\t<\/div>\n\t\t\t\t<\/div>\n\t\t<div class=\"elementor-element elementor-element-3ef3c20 e-con-full e-flex e-con e-child\" data-id=\"3ef3c20\" data-element_type=\"container\">\n\t\t\t\t<div class=\"elementor-element elementor-element-2fa4475 elementor-widget elementor-widget-text-editor\" data-id=\"2fa4475\" data-element_type=\"widget\" data-widget_type=\"text-editor.default\">\n\t\t\t\t<div class=\"elementor-widget-container\">\n\t\t\t\t\t\t\t<p>2023.<span style=\"font-variant-ligatures: normal; font-variant-caps: normal; font-family: Roboto, sans-serif; font-size: 14px; font-style: normal; font-weight: 400; color: var( --e-global-color-text ); text-align: var(--text-align);\">\u00a0|<\/span><span style=\"font-variant-ligatures: normal; font-variant-caps: normal; font-family: Roboto, sans-serif; font-size: 14px; font-style: normal; font-weight: 400; color: var( --e-global-color-text ); text-align: var(--text-align);\">\u00a0<\/span>E-book: El Microteatro en 5 l\u00edneas de tiempo. Corporaci\u00f3n Art\u00edstica Ba\u00fal Polis\u00e9mico. https:\/\/www.baulpolisemico.com\/descarga-ebook-microteatro\/<\/p><p><span style=\"font-weight: 400;\">2021.<span style=\"font-variant-ligatures: normal; font-variant-caps: normal; font-family: Roboto, sans-serif; font-size: 14px; font-style: normal; font-weight: 400; color: var( --e-global-color-text ); text-align: var(--text-align);\">\u00a0|<\/span><span style=\"font-variant-ligatures: normal; font-variant-caps: normal; font-family: Roboto, sans-serif; font-size: 14px; font-style: normal; font-weight: 400; color: var( --e-global-color-text ); text-align: var(--text-align);\">\u00a0<\/span>E-book: estrategias comunicativas para artistas. Corporaci\u00f3n Art\u00edstica Ba\u00fal Polis\u00e9mico. https:\/\/www.baulpolisemico.com\/e-book-baul-polisemico\/<\/span><\/p><p><span style=\"font-weight: 400;\">2020.<span style=\"font-variant-ligatures: normal; font-variant-caps: normal; font-family: Roboto, sans-serif; font-size: 14px; font-style: normal; font-weight: 400; color: var( --e-global-color-text ); text-align: var(--text-align);\">\u00a0|<\/span><span style=\"font-variant-ligatures: normal; font-variant-caps: normal; font-family: Roboto, sans-serif; font-size: 14px; font-style: normal; font-weight: 400; color: var( --e-global-color-text ); text-align: var(--text-align);\">\u00a0<\/span>Reflexiones sobre el impacto de la pandemia en el teatro colombiano. Revista Teatro Situado, 1, pp. 54-55.<\/span><\/p>\t\t\t\t\t\t<\/div>\n\t\t\t\t<\/div>\n\t\t\t\t<\/div>\n\t\t\t\t\t<\/div>\n\t\t\t\t<\/div>\n\t\t<div class=\"elementor-element elementor-element-f4deb3e e-flex e-con-boxed e-con e-parent\" data-id=\"f4deb3e\" data-element_type=\"container\" data-settings=\"{&quot;background_background&quot;:&quot;classic&quot;}\">\n\t\t\t\t\t<div class=\"e-con-inner\">\n\t\t<div class=\"elementor-element elementor-element-3103f36 e-con-full e-flex e-con e-child\" data-id=\"3103f36\" data-element_type=\"container\">\n\t\t\t\t<div class=\"elementor-element elementor-element-7830337 elementor-widget elementor-widget-heading\" data-id=\"7830337\" data-element_type=\"widget\" data-widget_type=\"heading.default\">\n\t\t\t\t<div class=\"elementor-widget-container\">\n\t\t\t<h2 class=\"elementor-heading-title elementor-size-default\">Locuci\u00f3n\n<\/h2>\t\t<\/div>\n\t\t\t\t<\/div>\n\t\t\t\t<\/div>\n\t\t<div class=\"elementor-element elementor-element-47c1181 e-con-full e-flex e-con e-child\" data-id=\"47c1181\" data-element_type=\"container\">\n\t\t\t\t<div class=\"elementor-element elementor-element-d9bdd9c elementor-widget elementor-widget-text-editor\" data-id=\"d9bdd9c\" data-element_type=\"widget\" data-widget_type=\"text-editor.default\">\n\t\t\t\t<div class=\"elementor-widget-container\">\n\t\t\t\t\t\t\t<p><span style=\"font-weight: 400;\">2022.<span style=\"font-variant-ligatures: normal; font-variant-caps: normal; font-family: Roboto, sans-serif; font-size: 14px; font-style: normal; font-weight: 400; color: var( --e-global-color-text ); text-align: var(--text-align);\">\u00a0|<\/span><span style=\"font-variant-ligatures: normal; font-variant-caps: normal; font-family: Roboto, sans-serif; font-size: 14px; font-style: normal; font-weight: 400; color: var( --e-global-color-text ); text-align: var(--text-align);\">\u00a0<\/span>Radioteatro \u201cGafas con Equidad de G\u00e9nero\u201d. Principal. Corporaci\u00f3n Art\u00edstica Ba\u00fal Polis\u00e9mico. <\/span><\/p><p><span style=\"font-weight: 400;\">2022.<span style=\"font-variant-ligatures: normal; font-variant-caps: normal; font-family: Roboto, sans-serif; font-size: 14px; font-style: normal; font-weight: 400; color: var( --e-global-color-text ); text-align: var(--text-align);\">\u00a0|<\/span><span style=\"font-variant-ligatures: normal; font-variant-caps: normal; font-family: Roboto, sans-serif; font-size: 14px; font-style: normal; font-weight: 400; color: var( --e-global-color-text ); text-align: var(--text-align);\">\u00a0<\/span>Radioteatro \u201cMagenta 25\u201d. Protagonista. Corporaci\u00f3n Art\u00edstica Ba\u00fal Polis\u00e9mico.<\/span><\/p><p><span style=\"font-weight: 400;\">2021.<span style=\"font-variant-ligatures: normal; font-variant-caps: normal; font-family: Roboto, sans-serif; font-size: 14px; font-style: normal; font-weight: 400; color: var( --e-global-color-text ); text-align: var(--text-align);\">\u00a0|<\/span><span style=\"font-variant-ligatures: normal; font-variant-caps: normal; font-family: Roboto, sans-serif; font-size: 14px; font-style: normal; font-weight: 400; color: var( --e-global-color-text ); text-align: var(--text-align);\">\u00a0<\/span>Radioteatro \u201cLos Habladores. Protagonista. Corporaci\u00f3n Art\u00edstica Ba\u00fal Polis\u00e9mico.<\/span><\/p><p><span style=\"font-weight: 400;\">2017. <span style=\"font-variant-ligatures: normal; font-variant-caps: normal; font-family: Roboto, sans-serif; font-size: 14px; font-style: normal; font-weight: 400; color: var( --e-global-color-text ); text-align: var(--text-align);\">|<\/span><span style=\"font-variant-ligatures: normal; font-variant-caps: normal; font-family: Roboto, sans-serif; font-size: 14px; font-style: normal; font-weight: 400; color: var( --e-global-color-text ); text-align: var(--text-align);\">\u00a0<\/span>Audiolibro &#8220;Arco\u00edris en blanco y negro: Historias invisibles de personas LGBTI en el Caribe&#8221;. Protagonista. Corporaci\u00f3n Caribe Afirmativo<\/span><span style=\"font-weight: 400;\">. <\/span><\/p>\t\t\t\t\t\t<\/div>\n\t\t\t\t<\/div>\n\t\t\t\t<\/div>\n\t\t\t\t\t<\/div>\n\t\t\t\t<\/div>\n\t\t<div class=\"elementor-element elementor-element-2fa26e3 e-flex e-con-boxed e-con e-parent\" data-id=\"2fa26e3\" data-element_type=\"container\" data-settings=\"{&quot;background_background&quot;:&quot;classic&quot;}\">\n\t\t\t\t\t<div class=\"e-con-inner\">\n\t\t\t\t<div class=\"elementor-element elementor-element-eec72f2 elementor-widget elementor-widget-heading\" data-id=\"eec72f2\" data-element_type=\"widget\" data-widget_type=\"heading.default\">\n\t\t\t\t<div class=\"elementor-widget-container\">\n\t\t\t<h2 class=\"elementor-heading-title elementor-size-default\">\u00a1Ahora ya conoces un poco m\u00e1s sobre m\u00ed! <\/h2>\t\t<\/div>\n\t\t\t\t<\/div>\n\t\t\t\t<div class=\"elementor-element elementor-element-cea9a03 elementor-widget elementor-widget-text-editor\" data-id=\"cea9a03\" data-element_type=\"widget\" data-widget_type=\"text-editor.default\">\n\t\t\t\t<div class=\"elementor-widget-container\">\n\t\t\t\t\t\t\t<p>Si crees que puedo ayudarte a contar tu historia a trav\u00e9s de:<\/p><p>Mi experiencia como cuentera.<br \/>La escritura de guiones, libretos, cuentos o historia de marca.<br \/>De mi voz para audiolibros, radioteatros o doblajes.<\/p><p><strong>\u00a1Cont\u00e1ctame!<\/strong>\u00a0<\/p>\t\t\t\t\t\t<\/div>\n\t\t\t\t<\/div>\n\t\t\t\t<div class=\"elementor-element elementor-element-850a151 elementor-widget elementor-widget-premium-addon-button\" data-id=\"850a151\" data-element_type=\"widget\" data-widget_type=\"premium-addon-button.default\">\n\t\t\t\t<div class=\"elementor-widget-container\">\n\t\t\t\n\n\t\t<a class=\"premium-button premium-button-none premium-btn-lg premium-button-none\" href=\"https:\/\/alejandraditta.com\/index.php\/contactame\/\">\n\t\t\t<div class=\"premium-button-text-icon-wrapper\">\n\t\t\t\t\n\t\t\t\t\t\t\t\t\t<span >\n\t\t\t\t\t\t\u00a1Contemos tu historia juntos!\t\t\t\t\t<\/span>\n\t\t\t\t\n\t\t\t\t<!-- After Icon -->\n\t\t\t\t\t\t\t<\/div>\n\n\t\t\t\n\t\t\t\n\t\t\t\n\t\t<\/a>\n\n\n\t\t\t\t<\/div>\n\t\t\t\t<\/div>\n\t\t\t\t\t<\/div>\n\t\t\t\t<\/div>\n\t\t\t\t<\/div>\n\t\t","protected":false},"excerpt":{"rendered":"<p>\u00a1\u00a1\u00a1Hola de nuevo!!! Si llegaste hasta aqu\u00ed es porque quieres conocerme un poco m\u00e1s. Pues bien\u2026 Luego de transitar por muchos caminos, regres\u00e9 al principio: \u201c\u00c9rase una vez una ni\u00f1a que amaba las historias\u2026\u201d Y desde hace tres a\u00f1os, respiro para contarlas. Estudios 2021. | Copywriter. Programa Soy Copywriter. Javi Pastor.\u00a0 2018.\u00a0|\u00a0M\u00e1ster en Creaci\u00f3n de [&hellip;]<\/p>\n","protected":false},"author":1,"featured_media":0,"parent":0,"menu_order":0,"comment_status":"closed","ping_status":"closed","template":"elementor_header_footer","meta":{"ocean_post_layout":"","ocean_both_sidebars_style":"","ocean_both_sidebars_content_width":0,"ocean_both_sidebars_sidebars_width":0,"ocean_sidebar":"","ocean_second_sidebar":"","ocean_disable_margins":"enable","ocean_add_body_class":"","ocean_shortcode_before_top_bar":"","ocean_shortcode_after_top_bar":"","ocean_shortcode_before_header":"","ocean_shortcode_after_header":"","ocean_has_shortcode":"","ocean_shortcode_after_title":"","ocean_shortcode_before_footer_widgets":"","ocean_shortcode_after_footer_widgets":"","ocean_shortcode_before_footer_bottom":"","ocean_shortcode_after_footer_bottom":"","ocean_display_top_bar":"default","ocean_display_header":"default","ocean_header_style":"","ocean_center_header_left_menu":"","ocean_custom_header_template":"","ocean_custom_logo":0,"ocean_custom_retina_logo":0,"ocean_custom_logo_max_width":0,"ocean_custom_logo_tablet_max_width":0,"ocean_custom_logo_mobile_max_width":0,"ocean_custom_logo_max_height":0,"ocean_custom_logo_tablet_max_height":0,"ocean_custom_logo_mobile_max_height":0,"ocean_header_custom_menu":"","ocean_menu_typo_font_family":"","ocean_menu_typo_font_subset":"","ocean_menu_typo_font_size":0,"ocean_menu_typo_font_size_tablet":0,"ocean_menu_typo_font_size_mobile":0,"ocean_menu_typo_font_size_unit":"px","ocean_menu_typo_font_weight":"","ocean_menu_typo_font_weight_tablet":"","ocean_menu_typo_font_weight_mobile":"","ocean_menu_typo_transform":"","ocean_menu_typo_transform_tablet":"","ocean_menu_typo_transform_mobile":"","ocean_menu_typo_line_height":0,"ocean_menu_typo_line_height_tablet":0,"ocean_menu_typo_line_height_mobile":0,"ocean_menu_typo_line_height_unit":"","ocean_menu_typo_spacing":0,"ocean_menu_typo_spacing_tablet":0,"ocean_menu_typo_spacing_mobile":0,"ocean_menu_typo_spacing_unit":"","ocean_menu_link_color":"","ocean_menu_link_color_hover":"","ocean_menu_link_color_active":"","ocean_menu_link_background":"","ocean_menu_link_hover_background":"","ocean_menu_link_active_background":"","ocean_menu_social_links_bg":"","ocean_menu_social_hover_links_bg":"","ocean_menu_social_links_color":"","ocean_menu_social_hover_links_color":"","ocean_disable_title":"on","ocean_disable_heading":"default","ocean_post_title":"","ocean_post_subheading":"","ocean_post_title_style":"","ocean_post_title_background_color":"","ocean_post_title_background":0,"ocean_post_title_bg_image_position":"","ocean_post_title_bg_image_attachment":"","ocean_post_title_bg_image_repeat":"","ocean_post_title_bg_image_size":"","ocean_post_title_height":0,"ocean_post_title_bg_overlay":0.5,"ocean_post_title_bg_overlay_color":"","ocean_disable_breadcrumbs":"default","ocean_breadcrumbs_color":"","ocean_breadcrumbs_separator_color":"","ocean_breadcrumbs_links_color":"","ocean_breadcrumbs_links_hover_color":"","ocean_display_footer_widgets":"default","ocean_display_footer_bottom":"default","ocean_custom_footer_template":"","footnotes":""},"class_list":["post-13","page","type-page","status-publish","hentry","entry"],"_links":{"self":[{"href":"https:\/\/alejandraditta.com\/index.php\/wp-json\/wp\/v2\/pages\/13","targetHints":{"allow":["GET"]}}],"collection":[{"href":"https:\/\/alejandraditta.com\/index.php\/wp-json\/wp\/v2\/pages"}],"about":[{"href":"https:\/\/alejandraditta.com\/index.php\/wp-json\/wp\/v2\/types\/page"}],"author":[{"embeddable":true,"href":"https:\/\/alejandraditta.com\/index.php\/wp-json\/wp\/v2\/users\/1"}],"replies":[{"embeddable":true,"href":"https:\/\/alejandraditta.com\/index.php\/wp-json\/wp\/v2\/comments?post=13"}],"version-history":[{"count":74,"href":"https:\/\/alejandraditta.com\/index.php\/wp-json\/wp\/v2\/pages\/13\/revisions"}],"predecessor-version":[{"id":1035,"href":"https:\/\/alejandraditta.com\/index.php\/wp-json\/wp\/v2\/pages\/13\/revisions\/1035"}],"wp:attachment":[{"href":"https:\/\/alejandraditta.com\/index.php\/wp-json\/wp\/v2\/media?parent=13"}],"curies":[{"name":"wp","href":"https:\/\/api.w.org\/{rel}","templated":true}]}}